, 0 = -4*p + 2*c + 1112. Suppose -p*n + 280*n - 294 = 0. Calculate the greatest common divisor of n and 28.
14
Suppose 7183*i - 7210*i = -4023. What is the highest common factor of i and 10579?
149
Let x be (14265/6)/15 + 15/10. Calculate the highest common divisor of 1880 and x.
40
Let b be 78/(-9) + 4/(-3). Let f(x) = -5 - 2*x - x - 3 - 15. Let a be f(b). Calculate the highest common divisor of 56 and a.
7
Let f(h) = 2*h**2 + 49*h + 113. Let n be f(-22). Let k be (-52)/n*36/(-24). Calculate the greatest common factor of k and 91.
13
Let n = -2148 + 3076. Calculate the greatest common divisor of n and 160.
32
Suppose 34*p + 323 - 742 = 465. Suppose -5*m + 0*i + 930 = -4*i, 2*m - 379 = 3*i. What is the highest common divisor of m and p?
26
Let h be (-7 + (-168)/3)/((-2)/(-2)). Let n = 96 + h. Calculate the greatest common factor of n and 132.
33
Suppose -19*j - 21*j = 6*j - 236578. What is the greatest common factor of 74 and j?
37
Suppose 187*r = 180*r + 98. Suppose t = 3*l + r, 0*t + 4*t + 4*l - 56 = 0. Calculate the greatest common factor of t and 7.
7
Let h = -523 - -234. Let t = 415 + h. What is the highest common factor of t and 54?
18
Let i = 7390 + -3457. What is the highest common divisor of i and 342?
171
Let d be ((-1)/(-2))/((-31)/(-124)). What is the greatest common factor of d and 1198?
2
Suppose 5*l - 2*g - 107 = g, -24 = -l - 2*g. Let v = -1084 + 1115. Let w = v - l. Calculate the greatest common factor of w and 9.
9
Suppose v = 7*v - 192. Suppose -5*s = 4*h - v, 3*s + 2*h - 10 = 10. Suppose s*b - 20 = -4. Calculate the highest common divisor of b and 3.
1
Suppose 0 = -u - 4*a + 1913 - 1852, a = 3*u - 66. Let g be ((-23)/(-3))/((-1)/(-75)). Calculate the greatest common divisor of g and u.
25
Suppose -22*b - 6660 = -26*b. Suppose 0 = 2*j - 3*p - 514 - 131, -5*j - 3*p = -b. Calculate the highest common factor of j and 5.
5
Suppose 0 = j + 5*k + 4, 4*j + 0*k - 79 = -k. Suppose 0 = j*d - 26*d + 40. What is the greatest common divisor of d and 76?
4
Suppose -2*y + 58 = 3*l, -3*l + 72 + 2 = -2*y. Suppose 30 = k + 3*r, 2*k - 29 - l = 3*r. What is the greatest common factor of k and 27?
27
Let o = -74 + 109. Let r = -35 + o. Suppose 109*q - 104*q - 110 = r. What is the greatest common factor of q and 110?
22
Let n(u) = -1 - 1 + 2*u + 4. Let o be n(11). Let p(a) = a**3 - a**2 - 3*a - 1. Let s be p(3). What is the greatest common factor of s and o?
8
Let u = -1072 - -1068. Let k(x) = -69*x + 2. Let s(h) = 277*h - 8. Let y(q) = 9*k(q) + 2*s(q). Let a be y(u). Calculate the highest common divisor of a and 30.
30
Let o = -171 + 936. What is the highest common divisor of 425 and o?
85
Let z be (1017 + -1038)*(-2 - (-404)/(-7)). Calculate the greatest common divisor of 88 and z.
22
Suppose -5*s = -t - 7821, -16*t + 11*t = 5*s - 7815. What is the highest common factor of s and 92?
92
Suppose 5*c = -c + 156. Let i = 4 - c. Let a be (-202)/(-22) - (-4)/i. What is the greatest common factor of a and 3?
3
Suppose -2*l + 2*g = 10, 10*g - 5*g = 3*l + 25. Suppose r - 5*z = 19, l*z - z = 5*r - 69. What is the greatest common factor of 1358 and r?
14
Let g(s) = 221*s - 518. Let k be g(3). Calculate the highest common divisor of 1769 and k.
29
Suppose 6*b - b - 19 = k, -5*k = -2*b + 3. Suppose i - 14 + 2 = -2*h, -b*i = -5*h - 61. What is the greatest common divisor of 21 and i?
7
Suppose 5*u - 1571 = -2*q, -4*u - q = -0*q - 1258. Let k = u - -101. Calculate the greatest common divisor of 13 and k.
13
Let p be (-24)/(-2)*17/51. Suppose -21 + 158 = p*t + 5*n, -4*n - 164 = -4*t. Calculate the greatest common divisor of 57 and t.
19
Suppose -q - 4*i + 2 = 0, q + 4*i = -i - 3. Let o be ((-14520)/30)/(14/(-7)). Calculate the greatest common factor of o and q.
22
Suppose -5*i - 17 + 72 = 0. Let r(x) be the third derivative of -5*x**4/3 + 2*x**3/3 + 10*x**2. Let l be r(-1). What is the greatest common factor of i and l?
11
Suppose -5*w = -182 - 28. Suppose 4*u = -16, 4*u = 2*f - 5*f - 1. Suppose 3*k - 9 = 0, -4*n + 8*n - 267 = -f*k. Calculate the greatest common factor of n and w.
21
Suppose 0 = -4*v + 602 + 238. Suppose -5880 = -359*i + 261*i. What is the highest common factor of v and i?
30
Let v = 659 - 470. Suppose -5*l = 6*k - 5*k - 99, 0 = -l + 4*k + 45. What is the highest common divisor of v and l?
21
Let f be (32/72)/((-6)/(-54)) - -64. What is the greatest common divisor of 308 and f?
4
Suppose -2*u + 12 = 0, 2*n + u - 3330 = 4258. What is the highest common divisor of 17 and n?
17
Suppose 5 = -l + 3*c, 5*c - 5 = -2*l + 7*l. Suppose -3*a + 5 = h - 6, -3*h = a - l. Suppose 8*o - 576 = a*o. What is the highest common factor of o and 18?
18
Suppose p = 3*m - 1, -5*m - 5*p = -4*p - 15. Let j be (2196/610)/(m/(-45)*-3). Calculate the highest common divisor of 144 and j.
9
Suppose -1980 = -4*i - 4*j, 3*j = 18*i - 19*i + 495. Calculate the greatest common divisor of 102 and i.
3
Let c = -280206 - -280334. Suppose -3*x + x - 8 = -b, 0 = -4*b - 5*x + 32. What is the highest common factor of c and b?
8
Suppose 21*s - 974 = 370. Calculate the greatest common divisor of 832 and s.
64
Suppose -3*k + d = 0, k - 4*d + 4 = -7. Let p = 174 - 136. What is the highest common divisor of p and k?
1
Suppose -3*d = 2*p - 367, -4*p + 689 = 4*d - 7*d. Let x be 2/41 - (-36369)/3321. Calculate the highest common divisor of x and p.
11
Let t = -62 + 110. Suppose 0 = -4*w + d + 14, -w + d + 5 = 3. Suppose -460 - 20 = -w*v. What is the highest common divisor of t and v?
24
Let u = 2487 + -530. Calculate the highest common factor of u and 76.
19
Suppose -5*h + 30 = -2*h - 3*d, 0 = 2*h + 4*d - 8. Let l be (-80)/((2/(-5))/1). Calculate the highest common divisor of l and h.
8
Suppose -2*d + 56 = 2*k + 16, 5*k = d + 70. What is the greatest common divisor of k and 290?
5
Let u(w) = w**2 + 19*w. Let b be u(-15). Let l = b + 48. Let x be (-76)/(-6) + (-16)/l. What is the highest common divisor of 14 and x?
14
Let p be -12*((-15)/6 + -1). Suppose 4*i = i + p. Suppose 156*b = 150*b + 672. What is the greatest common divisor of b and i?
14
Let c = -4739 + 8194. Calculate the greatest common divisor of 5 and c.
5
Let y(n) = 9*n + 2. Let o be y(2). Let c(s) = -8*s + 16 + 25 + 22*s - 11 + 7*s**2. Let w be c(-2). What is the greatest common factor of w and o?
10
Let g be (-2 - 0)/((-11)/(-4) + -3). Suppose -2*i = -m - 80, m = g*i - 4*i - 160. Calculate the greatest common divisor of 140 and i.
20
Let n = -386 - -523. Let y = n - -7. What is the highest common factor of y and 80?
16
Suppose -5*w + 2*k = -1439, -3*w - 6*k + 859 = -5*k. Let b(q) = 11*q - 50. Let t be b(12). What is the greatest common factor of w and t?
41
Let j(l) = -4*l + 7*l + 2 - 22*l. Let q be j(-4). Let m = 104 - q. Calculate the greatest common factor of 286 and m.
26
Let p be (-5)/(-2)*11900/875. Calculate the highest common divisor of p and 16286.
34
Let g be (-5 + (1 - -1) - -34) + 14/(-14). What is the greatest common factor of 370 and g?
10
Suppose -3*f = a - 128, 3*a - 6*a - f = -344. Suppose 5*d + 3*y = 514, d + 17 = -4*y + a. Calculate the highest common factor of 156 and d.
52
Suppose 0 = -2*n + 8, 303*k - 308*k + 4*n + 59844 = 0. Calculate the greatest common divisor of k and 820.
164
Suppose g = 126 + 16. Let y(r) = r**3 + 13*r**2 - 30*r - 153. Let j be y(-14). What is the greatest common factor of j and g?
71
Let r be -4*(77/28 + -2). Let u(c) = -9*c - 25. Let i be u(r). What is the greatest common factor of i and 82?
2
Let w(x) = -6*x**2 - 57*x + 88. Let i be w(-10). What is the highest common divisor of i and 9280?
58
Let q be (-4)/(11/(-10) + -9 + 10). Calculate the highest common divisor of q and 5240.
40
Let d(l) = 3*l - 29 + 20*l + l**2 - 5*l + 9*l. Let y be d(-28). Let m be y - 3*(-101)/3. What is the greatest common divisor of 40 and m?
20
Suppose 130 = 7*y - 2*y. Let l = -435 + 1273. Suppose 35*c = 4*i + 38*c - l, 5*c = 10. What is the highest common divisor of y and i?
26
Let a = -113 + 104. Let r = a - -74. Suppose -j - 3 = -29. What is the highest common divisor of r and j?
13
Suppose -31*g = 28527 - 34696. What is the greatest common factor of g and 34427?
199
Let y = 57308 + -57297. Suppose 0*s + 3 = 3*s. Let l be (2 + -3)*(-188 + s). What is the greatest common factor of y and l?
11
Let c =